the remainder when 124 is divided by (3/2 - 1)*(32 - n).
16
Suppose -j + 97 = -2*n + 553, 0 = -4*n - 4*j + 924. Let b(p) = -2370*p - 18902. What is the remainder when n is divided by b(-8)?
55
Suppose -5*a = -2*i - 139, -3*a + 30 + 45 = 3*i. Calculate the remainder when a is divided by 23.
4
Suppose -25*v - 5464 = -7164. Suppose 6*k - 20 = 4*k. Suppose 9*z = k*z - v. What is the remainder when z is divided by 12?
8
Let d(i) = 14*i + 982. Calculate the remainder when 587 is divided by d(-63).
87
Let n = 20 - 15. Let m(y) = y**3 - 7*y**2 + 6*y - 3. Let d be m(6). What is the remainder when (-29)/d - 2/3 is divided by n?
4
Suppose -w + 19 = -5*v, -3*v = w + 7 - 2. Let s = -7 - -13. Calculate the remainder when s is divided by 4 - 6 - (v + -2 + 1).
0
Let v = 55 - 22. Suppose l - v = -0*i - 4*i, -20 = -4*l. Calculate the remainder when 5 is divided by (2 - i)*(-20)/25.
1
Let t = 2051 - 1874. Calculate the remainder when 1227 is divided by t.
165
Suppose 2*d = -d + f + 982, 2*d - 655 = f. Calculate the remainder when d is divided by 153.
21
Suppose 36*v - 191 + 2 = 9*v. Calculate the remainder when 29 is divided by v.
1
Suppose 12*m = 45 + 3. Suppose -2*p + v = -57 - 4, -m*v + 185 = 5*p. Calculate the remainder when p is divided by 19.
14
Let b = 131 + -94. Let h = -5390 + 5868. What is the remainder when h is divided by b?
34
Let c(r) = 1. Let q(z) = 29*z + 77. Let w(f) = 3*c(f) + q(f). Calculate the remainder when w(7) is divided by 19.
17
Let b(u) = -3*u**3 - 5*u**2 + 17*u + 39. Calculate the remainder when 25 is divided by b(-2).
7
Suppose 0*n = -2*n - 6. Let l be ((54 - n) + -4)*1. Let q = l + 12. What is the remainder when q is divided by 11?
10
Suppose 2680 = 170*f - 150*f. What is the remainder when 247 is divided by f?
113
Calculate the remainder when 7*(-18)/189*1167/(-2) is divided by 106.
71
Suppose 244*w + 1620 = 253*w. Suppose -86 - w = -7*q. Calculate the remainder when 339 is divided by q.
35
What is the remainder when (2 - 89)*(-17)/((-102)/(-12)) is divided by 36?
30
Suppose 6*y - 17*y = -7040. Suppose -y = 5*a - 21*a. Calculate the remainder when a is divided by 12.
4
Suppose 0 = -196*a + 206*a - 9320. Suppose 939*u = a*u + 2590. What is the remainder when u is divided by 7?
6
What is the remainder when 304 is divided by 88/(-924) - (-3536)/84?
10
Suppose 9 = -3*c + 24. Suppose 121 = c*r + 31. What is the remainder when ((-1)/1 - -5)*4806/216 is divided by r?
17
Let z(b) = -b - 1. Let n be z(-3). Suppose 0 = -3*f - n*k + 98, -f = k - 0 - 31. What is the remainder when 70 is divided by f?
34
Let v = -238 - -498. Let b = v - 66. Calculate the remainder when b is divided by 13.
12
Calculate the remainder when 369 is divided by (-15 - 0)/(((-180)/(-32))/(-45)).
9
Let j(u) = 7*u + 73. Let r = -403 - -396. What is the remainder when 143 is divided by j(r)?
23
Let v = 42 + -37. Suppose 2*n - v*t - 30 = 0, -2*n + 4*t + 36 = 8. What is the remainder when n is divided by 4?
2
Let j = -516 + 124. What is the remainder when 130 is divided by j/(-18) + (-4)/(-18)?
20
Let o = -11365 + 11412. What is the remainder when 996 is divided by o?
9
Let h be 3/2*4/3. Let v(t) = t**3 + t**2 - t - 2. Let r = -7591 - -7601. What is the remainder when r is divided by v(h)?
2
Let h(t) = -27*t - 1419. Calculate the remainder when 192 is divided by h(-54).
36
Let g = 8516 + -8502. Suppose 2*z - 3*q - 8 = -4*q, 3*q - 12 = 0. Let v(f) = f**3 + f**2 - 3*f + 2. What is the remainder when g is divided by v(z)?
6
Let o(a) = -7*a + 13. Let l = -31 + 28. Calculate the remainder when o(l) is divided by 10.
4
Suppose 0*t + 39 = 3*t. Let m = -61 + 120. Let q = m - -29. What is the remainder when q is divided by t?
10
Let a = 657 - -394. Suppose 25*f + a - 5376 = 0. Calculate the remainder when f is divided by 43.
1
Suppose -62*y + 2*r + 58 = -58*y, -5*y = 5*r - 95. Calculate the remainder when 1511 is divided by y.
7
Let i = 20545 - 19677. What is the remainder when i is divided by 147?
133
Suppose 5*x = -3*b + 15, b - 4*x = 32 - 10. Let m(k) = -k**3 + 10*k**2 + 11*k - 60. Calculate the remainder when 144 is divided by m(b).
44
Let c be 2 + -4 + -811 + 6. What is the remainder when 21/168 + 3/(-24)*c is divided by 34?
33
Suppose -1408 = -24*w - 40. Calculate the remainder when w is divided by 5*3 + (-2 - -2 - 0).
12
Let k(n) = 44*n**2 - 310*n + 914. Calculate the remainder when 593 is divided by k(3).
213
Suppose 19*g + 14*g = 5676. Suppose -424 = -g*r + 171*r. What is the remainder when r is divided by 85?
84
Let i(d) = d**2 + 10. Let g be i(6). Suppose g*f = 42*f + 52. What is the remainder when f is divided by 3?
1
Let i(y) = -51*y + 36. What is the remainder when i(-4) is divided by 127?
113
Let n(t) = 48*t + 4. Suppose 171*c - 412 - 2145 = 521. What is the remainder when n(4) is divided by c?
16
Suppose -10*g = -12*g + 2*r + 1636, -3*r - 3278 = -4*g. What is the remainder when 3302 is divided by g?
6
Let d = 8140 - 7867. Calculate the remainder when d is divided by 273.
0
Let x be (9 + 164/(-16))/(2/40). What is the remainder when (-9)/(135/12) - 295/x is divided by 4?
3
Let g(l) = -4*l**2 - 180*l - 290. Calculate the remainder when g(-40) is divided by 106.
86
Let s = -848 - -1418. What is the remainder when s is divided by 64?
58
What is the remainder when 479 is divided by 1323/28 + (-6)/24?
9
Calculate the remainder when 10664/129*(-7 + 19) is divided by 138.
26
Suppose 4*z - x - 503 = 205, 0 = 3*z - 2*x - 536. Suppose -z = -4*h - 7*h. Calculate the remainder when 317 is divided by h.
13
Suppose 1640 = -22*v + 32*v. Let i = -127 + v. Let f(b) = b**2 - 6. Calculate the remainder when i is divided by f(-5).
18
Let r = -116 + -67. Calculate the remainder when 82 is divided by (-1)/(6/4) + (-2135)/r.
5
Suppose 13*a = q + 10*a - 75, 0 = -3*q + 3*a + 207. What is the remainder when q is divided by 24?
18
Let d(m) = 19*m + 61. Calculate the remainder when 39 is divided by d(-3).
3
Let r be (-6790)/(-100) - (-6)/60. Suppose 3*c = -4*d + 7*c + r, 4*c = 0. Let m = -4 - -8. What is the remainder when d is divided by m?
1
Suppose 4*a = 3*a + 2. Suppose -22 = s - a*s. Suppose -3*m = 3*x - 276, 5*m - 425 = 5*x - 3*x. Calculate the remainder when m is divided by s.
21
Let x(r) = -r**3 - 7*r**2 + 2*r + 16. Let l be x(-7). Suppose -l*y = -3*c - 53, -2*c - 2*c = 12. Calculate the remainder when 130 is divided by y.
20
Let a(x) = x**3 - 11*x**2 + 10*x + 11. Let f be a(10). Let o(v) = v**2 - 6*v - 22. What is the remainder when o(f) is divided by 20?
13
Suppose 0*a = -4*a + 140. Suppose 4*w - 6154 = 4350. Suppose 2*t + 24*t - w = 0. What is the remainder when t is divided by a?
31
Let q(u) = 20*u**2 + u - 1. Let x = 140 - 138. Suppose -2*b = -3*f + 184, 0 = 3*b + x*b + 25. Calculate the remainder when f is divided by q(1).
18
Let l = -9476 + 20695. What is the remainder when l is divided by 204?
203
Suppose -29*p + 53*p = 2232. Suppose -57 - p = -15*c. Calculate the remainder when 2/2*27 + 0 is divided by c.
7
Let r be 4/(-6)*(-16 + 4). Suppose 29 + 83 = r*p. Suppose -t + 2*t - p = 0. Calculate the remainder when 41 is divided by t.
13
Let j = 1109 + -1096. Let n = -4 + 6. Suppose 3*t = -n*t + 185. What is the remainder when t is divided by j?
11
Suppose 5*u - 97 = -22. Suppose 11*g - 6*g = 175. Let a = 76 - g. Calculate the remainder when a is divided by u.
11
Suppose 3*q - 31 = 5*g + 154, 0 = 3*q + 5*g - 205. Let f(o) = o**3 + 6*o**2 - 40*o + 4. Calculate the remainder when q is divided by f(-10).
1
Calculate the remainder when (95 - 108)/(-5 - -4) is divided by 13/5 - (-4)/10.
1
Suppose 260 + 148 = 12*g. Calculate the remainder when 123 is divided by g.
21
Let g(n) = 3*n**3 + 4*n**2 - n - 1. Calculate the remainder when 358 is divided by g(1).
3
Let m = 39 + -34. Let c be ((-54)/10)/((-1)/m). What is the remainder when -2*c/36*268/(-6) is divided by 35?
32
Let i(t) = t - 7. Let u = 38 + -30. Let d be i(u). Calculate the remainder when 38 is divided by (-1)/(2/(-26*d)).
12
Let t be ((-36)/(-15))/((-9)/(-15)). Suppose 4*l + l - 3*x = 87, 0 = t*x + 16. What is the remainder when 50 is divided by l?
5
Let o = 204 + -201. Suppose -o*v + 589 = 4*d, -3*d + 8 = -7*d. What is the remainder when v is divided by 20?
19
Suppose 4*y - 126 = -5*g, 2*y = y - 4*g + 26. Calculate the remain